Calculate the remainder when 8049 is divided by 535.
24
Calculate the remainder when 2445 is divided by 224.
205
Calculate the remainder when 8678 is divided by 726.
692
What is the remainder when 8098 is divided by 287?
62
Calculate the remainder when 29915 is divided by 9966.
17
What is the remainder when 11580 is divided by 100?
80
Calculate the remainder when 5492 is divided by 52.
32
What is the remainder when 10343 is divided by 31?
20
Calculate the remainder when 277315 is divided by 51.
28
Calculate the remainder when 458634 is divided by 196.
190
What is the remainder when 53488 is divided by 140?
8
Calculate the remainder when 9369 is divided by 930.
69
Calculate the remainder when 4497 is divided by 1122.
9
Calculate the remainder when 37549 is divided by 2884.
57
Calculate the remainder when 311620 is divided by 622.
620
What is the remainder when 229204 is divided by 32?
20
What is the remainder when 7791 is divided by 131?
62
Calculate the remainder when 429895 is divided by 73.
71
Calculate the remainder when 221804 is divided by 247.
245
What is the remainder when 288726 is divided by 550?
526
What is the remainder when 37922 is divided by 12609?
95
What is the remainder when 28367 is divided by 197?
196
Calculate the remainder when 63170 is divided by 79.
49
What is the remainder when 17067 is divided by 396?
39
What is the remainder when 11405 is divided by 1900?
5
What is the remainder when 6478 is divided by 18?
16
What is the remainder when 20264 is divided by 6693?
185
What is the remainder when 9217 is divided by 942?
739
What is the remainder when 66235 is divided by 66225?
10
Calculate the remainder when 60301 is divided by 12060.
1
What is the remainder when 3750 is divided by 1468?
814
What is the remainder when 235069 is divided by 887?
14
Calculate the remainder when 19427 is divided by 3883.
12
Calculate the remainder when 18766 is divided by 3751.
11
What is the remainder when 5767 is divided by 845?
697
Calculate the remainder when 3121 is divided by 153.
61
What is the remainder when 6243 is divided by 113?
28
Calculate the remainder when 6701 is divided by 104.
45
What is the remainder when 6669 is divided by 6667?
2
What is the remainder when 2035 is divided by 43?
14
Calculate the remainder when 3697 is divided by 39.
31
What is the remainder when 17027 is divided by 5618?
173
Calculate the remainder when 10967830 is divided by 72.
70
What is the remainder when 4389503 is divided by 92?
91
Calculate the remainder when 24175 is divided by 929.
21
Calculate the remainder when 50689 is divided by 277.
275
What is the remainder when 1014292 is divided by 60?
52
Calculate the remainder when 2564 is divided by 787.
203
What is the remainder when 68627 is divided by 185?
177
What is the remainder when 5718 is divided by 51?
6
What is the remainder when 26385 is divided by 36?
33
Calculate the remainder when 1158218 is divided by 93.
89
What is the remainder when 677343 is divided by 122?
121
What is the remainder when 352 is divided by 160?
32
What is the remainder when 1821 is divided by 1803?
18
What is the remainder when 17709 is divided by 702?
159
What is the remainder when 362104 is divided by 10649?
38
What is the remainder when 1438 is divided by 1219?
219
Calculate the remainder when 25876 is divided by 761.
2
What is the remainder when 149951 is divided by 65?
61
What is the remainder when 4332203 is divided by 108?
107
What is the remainder when 177262 is divided by 113?
78
Calculate the remainder when 5326 is divided by 197.
7
What is the remainder when 1090 is divided by 168?
82
What is the remainder when 228181 is divided by 1901?
61
Calculate the remainder when 220 is divided by 91.
38
What is the remainder when 219065 is divided by 109467?
131
Calculate the remainder when 389345 is divided by 248.
233
Calculate the remainder when 136446 is divided by 32.
30
What is the remainder when 2254 is divided by 235?
139
What is the remainder when 208332 is divided by 50?
32
Calculate the remainder when 3784 is divided by 26.
14
What is the remainder when 108516 is divided by 324?
300
What is the remainder when 2420 is divided by 239?
30
Calculate the remainder when 3747 is divided by 342.
327
Calculate the remainder when 1661 is divided by 277.
276
What is the remainder when 37318 is divided by 2868?
34
What is the remainder when 173090 is divided by 7210?
50
Calculate the remainder when 8704 is divided by 99.
91
Calculate the remainder when 232 is divided by 82.
68
What is the remainder when 9629 is divided by 301?
298
What is the remainder when 16324 is divided by 5438?
10
What is the remainder when 136 is divided by 16?
8
What is the remainder when 152114 is divided by 371?
4
What is the remainder when 699 is divided by 316?
67
What is the remainder when 18246 is divided by 10?
6
Calculate the remainder when 82308 is divided by 1144.
1084
Calculate the remainder when 11205 is divided by 1319.
653
What is the remainder when 22625 is divided by 25?
0
What is the remainder when 11817 is divided by 170?
87
What is the remainder when 16005 is divided by 23?
20
Calculate the remainder when 39522 is divided by 118.
110
What is the remainder when 8705504 is divided by 1061?
1060
What is the remainder when 338176 is divided by 154?
146
What is the remainder when 1668 is divided by 281?
263
Calculate the remainder when 8713 is divided by 58.
13
What is the remainder when 3647 is divided by 701?
142
Calculate the remainder when 7161 is divided by 2380.
21
Calculate the remainder when 3723 is divided by 335.
38
Calculate the remainder when 1056 is divided by 378.
300
Calculate the remainder when 24540 is divided by 184.
68
What is the remainder when 300281 is divided by 45?
41
What is the remainder when 14196 is divided by 340?
256
What is the remainder when 12194 is divided by 38?
34
What is the remainder when 513 is divided by 260?
253
Calculate the remainder when 15246 is divided by 50.
46
Calculate the remainder when 5967 is divided by 2940.
87
Calculate the remainder when 8620 is divided by 574.
10
Calculate the remainder when 68515 is divided by 1593.
16
Calculate the remainder when 48952 is divided by 272.
264
Calculate the remainder when 588599 is divided by 12.
11
Calculate the remainder when 9542 is divided by 454.
8
Calculate the remainder when 50013 is divided by 2941.
16
What is the remainder when 328865 is divided by 2095?
2045
Calculate the remainder when 2121 is divided by 479.
205
What is the remainder when 54117 is divided by 23?
21
What is the remainder when 6716 is divided by 92?
0
Calculate the remainder when 47853 is divided by 37.
12
Calculate the remainder when 30175 is divided by 1005.
25
Calculate the remainder when 61937 is divided by 12.
5
What is the remainder when 7033 is divided by 1716?
169
What is the remainder when 14303 is divided by 7129?
45
Calculate the remainder when 29951 is divided by 303.
257
Calculate the remainder when 96725 is divided by 107.
104
Calculate the remainder when 3071 is divided by 2695.
376
What is the remainder when 1064458 is divided by 1064457?
1
What is the remainder when 6341247 is divided by 30?
27
Calculate the remainder when 228740 is divided by 986.
974
Calculate the remainder when 751 is divided by 268.
215
What is the remainder when 108191 is divided by 335?
321
What is the remainder when 6243 is divided by 690?
33
Calculate the remainder when 497 is divided by 75.
47
What is the remainder when 45540 is divided by 47?
44
What is the remainder when 34370 is divided by 4901?
63
What is the remainder when 2992 is divided by 807?
571
Calculate the remainder when 975322 is divided by 204.
202
Calculate the remainder when 89180 is divided by 2345.
70
Calculate the remainder when 44094 is divided by 53.
51
What is the remainder when 55749 is divided by 59?
53
What is the remainder when 70737 is divided by 10?
7
Calculate the remainder when 19013 is divided by 96.
5
Calculate the remainder when 281847 is divided by 734.
725
What is the remainder when 19939 is divided by 3044?
1675
Calculate the remainder when 3179 is divided by 243.
20
Calculate the remainder when 88549 is divided by 253.
252
Calculate the remainder when 4618 is divided by 357.
334
Wha